{"id":31,"date":"2019-10-17T15:37:31","date_gmt":"2019-10-17T15:37:31","guid":{"rendered":"http:\/\/bds-z.de\/?page_id=31"},"modified":"2019-10-28T11:59:18","modified_gmt":"2019-10-28T11:59:18","slug":"satzung","status":"publish","type":"page","link":"https:\/\/bds-z.de\/?page_id=31","title":{"rendered":"Satzung"},"content":{"rendered":"\r\n<p><strong>\u00a7 1 \u2013 Name, Sitz und Gesch\u00e4ftsjahr<\/strong><\/p>\r\n\r\n\r\n\r\n<p>Der Verein f\u00fchrt den Namen BDS Gruppe Zeilsheim, nach der Eintragung mit dem Zusatz \u201ee. V.\u201c. Vereinssitz ist Frankfurt am Main. Der Verein ist in das Vereinsregister des Amtsgerichts Frankfurt am Main einzutragen.Das Gesch\u00e4ftsjahr des Vereins ist das Kalenderjahr Da das Gr\u00fcndungsjahr des Gesch\u00e4ftsjahres nicht identisch mit dem Kalenderjahr ist, l\u00e4uft das Gesch\u00e4ftsjahr vom Zeitpunkt der Eintragung bis zum 31.12 des selben Jahres.<\/p>\r\n\r\n\r\n\r\n<p><strong>\u00a7 2 &#8211; Zweck<\/strong><\/p>\r\n\r\n\r\n\r\n<p>Zweck des Vereins ist die F\u00f6rderung des Schie\u00dfsports, insbesondere durch<\/p>\r\n\r\n\r\n\r\n<ul class=\"wp-block-list\">\r\n<li style=\"list-style-type: none;\">\r\n<ul>\r\n<li>schie\u00dfsportliche Ausbildung,<\/li>\r\n<li>Durchf\u00fchrung von Schie\u00dfveranstaltungen wie \u00dcbungsschie\u00dfen und Vereinsmeisterschaften,<\/li>\r\n<li>Teilnahme an regionalen, nationalen und internationalen Schie\u00dfwettbewerben und<\/li>\r\n<li>Mitgliedschaft im Bund Deutscher Sportsch\u00fctzen 1975 e. V. , Landesverband 6 Hessen.<\/li>\r\n<\/ul>\r\n<\/li>\r\n<\/ul>\r\n\r\n\r\n\r\n<p><strong>\u00a7 3 &#8211; Gemeinn\u00fctzigkeit<\/strong><\/p>\r\n\r\n\r\n\r\n<p>Der Verein verfolgt ausschlie\u00dflich und unmittelbar gemeinn\u00fctzige Zwecke im Sinne des Abschnitts \u201eSteuerbeg\u00fcnstigte Zwecke&#8220; der Abgabenordnung. Er ist selbstlos t\u00e4tig und verfolgt nicht in erster Linie eigenwirtschaftliche Zwecke. Mittel des Vereins d\u00fcrfen nur f\u00fcr die satzungsm\u00e4\u00dfigen Zwecke verwendet werden. Die Mitglieder erhalten keine Zuwendungen aus Vereinsmitteln. Es darf keine Person durch Ausgaben, die dem Zweck des Vereins fremd sind, oder durch unverh\u00e4ltnism\u00e4\u00dfig hohe Verg\u00fctungen beg\u00fcnstigt werden.<\/p>\r\n\r\n\r\n\r\n<p><strong>\u00a7 4 &#8211; Mitgliedschaft<\/strong><\/p>\r\n\r\n\r\n\r\n<p>Mitglieder des Vereins k\u00f6nnen alle unbescholtenen nat\u00fcrlichen Personen werden, die die Ziele des Vereins unterst\u00fctzen und f\u00f6rdern sowie die Vereinssatzung akzeptieren. Die Mitglieder sind zur Wahrung der Interessen des Vereins verpflichtet. Kein Mitglied hat Anspruch auf Vereinsverm\u00f6gen. Um Aufnahme in den Verein ist schriftlich beim Vorstand nachzusuchen. Lehnt der Vorstand den Aufnahmeantrag ab, so steht dem Betroffenen die Berufung zur n\u00e4chsten ordentlichen Mitgliederversammlung zu. Diese entscheidet endg\u00fcltig. Der Vorstand kann die Vorlage eines polizeilichen F\u00fchrungszeugnisses vom Antragsteller verlangen.<\/p>\r\n\r\n\r\n\r\n<p><strong>\u00a7 5 &#8211; Beendigung der Mitgliedschaft<\/strong><\/p>\r\n\r\n\r\n\r\n<p>Die Mitgliedschaft endet durch Tod, Austrittserkl\u00e4rung oder Ausschluss. Beitr\u00e4ge werden nach Beendigung der Mitgliedschaft nicht erstattet, auch nicht zeitanteilig.Der Austritt erfolgt durch Erkl\u00e4rung in Textform gegen\u00fcber dem Vorstand. Die Austrittserkl\u00e4rung kann mit einer Frist von 3 Monaten zum Jahresende erfolgen.Der Ausschluss ist ohne Einhaltung einer Frist durch den Vorstand m\u00f6glich. Gegen den Beschluss des Vorstandes zum Ausschluss aus der Mitgliederliste kann binnen einer Frist von zwei Wochen nach Zugang der Ausschlusserkl\u00e4rung schriftlich Einspruch bei der Mitgliederversammlung eingelegt werden. Bis zur Entscheidung der Mitgliederversammlung ruhen die Rechte des Mitglieds.<\/p>\r\n\r\n\r\n\r\n<p><strong>\u00a7 6 &#8211; Mitgliedsbeitr\u00e4ge und Geb\u00fchren<\/strong><\/p>\r\n\r\n\r\n\r\n<p>Von den Mitgliedern werden Beitr\u00e4ge und Geb\u00fchren erhoben. Insbesondere k\u00f6nnen Jahresbeitr\u00e4ge und Geb\u00fchren f\u00fcr Aufnahme in den Verein, Mahnungen, Bescheinigungen, Ausbildungs- und Schie\u00dfveranstaltungen durch den Vorstand festgelegt werden. Eine r\u00fcckwirkende Beitragserh\u00f6hung ist m\u00f6glich. Die Entwicklung der Beitr\u00e4ge kann an die j\u00e4hrliche Steigerung der amtlichen Lebenserhaltungskosten angepasst werden. Jedes Vereinsmitglied ist verpflichtet, dem Verein eine Einzugserm\u00e4chtigung aller Mitgliedsbeitr\u00e4ge zu erteilen.<\/p>\r\n\r\n\r\n\r\n<p><strong>\u00a7 7 &#8211; Organe des Vereins<\/strong><\/p>\r\n\r\n\r\n\r\n<p>Organe des Vereins sind Vorstand und Mitgliederversammlung.<\/p>\r\n\r\n\r\n\r\n<p><strong>\u00a7 8 &#8211; Vorstand<\/strong><\/p>\r\n\r\n\r\n\r\n<p>Der Vorstand im Sinne des \u00a7 26 BGB besteht aus dem Pr\u00e4sident und dem Vizepr\u00e4sidenten-Der erweiterte Vorstand besteht aus dem Schatzmeister und dem Schriftf\u00fchrer. Der Verein wird gerichtlich und au\u00dfergerichtlich durch den Pr\u00e4sidenten und Vizepr\u00e4sidenten je allein vertreten.<\/p>\r\n\r\n\r\n\r\n<p><strong>\u00a7 9 &#8211; Amtsdauer und Beschlussfassung des Vorstandes<\/strong><\/p>\r\n\r\n\r\n\r\n<p>Der Vorstand wird von der Mitgliederversammlung auf die Dauer von 2 Jahren vom Tag der Wahl an gerechnet gew\u00e4hlt. Der Vorstand bleibt jedoch auch nach Ablauf seiner Amtszeit bis zur Neuwahl eines neuen Vorstands im Amt. Der Vorstand fasst seine Beschl\u00fcsse in Vorstandssitzungen, die vom Vorsitzenden oder stellvertretenden Vorsitzenden einberufen werden. Bei Stimmengleichheit ist ein Beschlussvorschlag abgelehnt.<\/p>\r\n\r\n\r\n\r\n<p><strong>\u00a7 10 &#8211; Beschl\u00fcsse der Vereinsorgane<\/strong><\/p>\r\n\r\n\r\n\r\n<p>\u00dcber die Beschl\u00fcsse des Vorstandes und der Mitgliederversammlung ist eine Niederschrift aufzunehmen, die vom Vorsitzenden und \u2013 soweit dieser nicht mit dem Vorsitzenden identisch ist \u2013 vom Protokollf\u00fchrer zu unterzeichnen ist.<\/p>\r\n\r\n\r\n\r\n<p><strong>\u00a7 11 \u2013 Mitgliederversammlung<\/strong><\/p>\r\n\r\n\r\n\r\n<p>Einmal im Jahr findet eine ordentliche Mitgliederversammlung statt. Diese ist f\u00fcr die Wahl des Vorstands und die Entgegennahme seiner Berichte zust\u00e4ndig und beschlie\u00dft \u00fcber Entlastung oder Abberufung des Vorstands, \u00c4nderung des Vereinszwecks und der Satzung im \u00dcbrigen, Aufl\u00f6sung oder Fusion des Vereins sowie die sonstigen in dieser Satzung genannten Angelegenheiten. Eine au\u00dferordentliche Mitgliederversammlung ist auf schriftliches Verlangen eines Drittels der Mitglieder einzuberufen. Die Einberufung zu Mitgliederversammlungen geschieht durch den Vorstand mit einer Frist von zwei Wochen in Textform unter Bekanntgabe der Tagesordnung. Die Mitgliederversammlung fasst ihre Beschl\u00fcsse mit der Mehrheit der erschienenen Mitglieder; Stimmenthaltungen und ung\u00fcltige Stimmen bleiben au\u00dfer Betracht. Bei Stimmengleichheit ist ein Beschlussvorschlag abgelehnt. Wahlen und Abberufungen erfolgen in geheimer Abstimmung.<\/p>\r\n\r\n\r\n\r\n<p><strong>\u00a7 12 &#8211; Datenschutz<\/strong><\/p>\r\n\r\n\r\n\r\n<p>Der Verein kann von den Mitgliedern die Mitteilung von Daten verlangen, die zur Erf\u00fcllung der Vereinsaufgaben, insbesondere zur Organisation des Sportbetriebs, zur Mitgliederverwaltung und -kommunikation sowie der Erf\u00fcllung gesetzlicher, vor allem waffenrechtlicher Vorschriften ben\u00f6tigt werden. Die Erhebung, Verarbeitung und \u00dcbermittlung von Daten erfolgt nur im erforderlichen Ma\u00dfe und nur im Rahmen des Bundesdatenschutzgesetzes. Die Datenweitergabe kommt insbesondere an den BDS Landes- und Bundesverband und Waffenbeh\u00f6rden in Betracht. Die Meldung zu und Ergebnisse von Meisterschaften d\u00fcrfen vom Verein ver\u00f6ffentlicht werden; Mitglieder k\u00f6nnen beim Vorstand der Ver\u00f6ffentlichung des Namens widersprechen.<\/p>\r\n\r\n\r\n\r\n<p><strong>\u00a7 13 &#8211; Aufl\u00f6sung<\/strong><\/p>\r\n\r\n\r\n\r\n<p>Die Aufl\u00f6sung des Vereins kann nur in einer besonderen, zu diesem Zweck mit einer Frist von einem Monat einzuberufenden, au\u00dferordentlichen Mitgliederversammlung beschlossen werden. Bei Aufl\u00f6sung oder bei Wegfall steuerbeg\u00fcnstigter Zwecke f\u00e4llt das Verm\u00f6gen an die Stadt Frankfurt, der es unmittelbar und ausschlie\u00dflich f\u00fcr gemeinn\u00fctzige Zwecke zu verwenden hat.<\/p>\r\n\r\n\r\n\r\n<p>Vorstehende Satzung wurde am 01.05.2016 errichtet.<\/p>\r\n","protected":false},"excerpt":{"rendered":"<p>\u00a7 1 \u2013 Name, Sitz und Gesch\u00e4ftsjahr Der Verein f\u00fchrt den Namen BDS Gruppe Zeilsheim, nach der Eintragung mit dem Zusatz \u201ee. V.\u201c. Vereinssitz ist Frankfurt am Main. Der Verein ist in das Vereinsregister des Amtsgerichts Frankfurt am Main einzutragen.Das Gesch\u00e4ftsjahr des Vereins ist das Kalenderjahr Da das Gr\u00fcndungsjahr des Gesch\u00e4ftsjahres nicht identisch mit dem &hellip; <\/p>\n<p class=\"link-more\"><a href=\"https:\/\/bds-z.de\/?page_id=31\" class=\"more-link\"><span class=\"screen-reader-text\">\u201eSatzung\u201c<\/span> weiterlesen<\/a><\/p>\n","protected":false},"author":1,"featured_media":0,"parent":0,"menu_order":0,"comment_status":"closed","ping_status":"closed","template":"","meta":{"footnotes":""},"class_list":["post-31","page","type-page","status-publish","hentry"],"jetpack_sharing_enabled":true,"_links":{"self":[{"href":"https:\/\/bds-z.de\/index.php?rest_route=\/wp\/v2\/pages\/31","targetHints":{"allow":["GET"]}}],"collection":[{"href":"https:\/\/bds-z.de\/index.php?rest_route=\/wp\/v2\/pages"}],"about":[{"href":"https:\/\/bds-z.de\/index.php?rest_route=\/wp\/v2\/types\/page"}],"author":[{"embeddable":true,"href":"https:\/\/bds-z.de\/index.php?rest_route=\/wp\/v2\/users\/1"}],"replies":[{"embeddable":true,"href":"https:\/\/bds-z.de\/index.php?rest_route=%2Fwp%2Fv2%2Fcomments&post=31"}],"version-history":[{"count":2,"href":"https:\/\/bds-z.de\/index.php?rest_route=\/wp\/v2\/pages\/31\/revisions"}],"predecessor-version":[{"id":111,"href":"https:\/\/bds-z.de\/index.php?rest_route=\/wp\/v2\/pages\/31\/revisions\/111"}],"wp:attachment":[{"href":"https:\/\/bds-z.de\/index.php?rest_route=%2Fwp%2Fv2%2Fmedia&parent=31"}],"curies":[{"name":"wp","href":"https:\/\/api.w.org\/{rel}","templated":true}]}}